{"id":222,"date":"2024-12-06T20:05:48","date_gmt":"2024-12-06T20:05:48","guid":{"rendered":"https:\/\/iscss.uobaghdad.edu.iq\/?page_id=222"},"modified":"2024-12-07T07:18:36","modified_gmt":"2024-12-07T07:18:36","slug":"committee-members","status":"publish","type":"page","link":"https:\/\/iscss.uobaghdad.edu.iq\/?page_id=222","title":{"rendered":"Committee Members"},"content":{"rendered":"<div class=\"wpb-content-wrapper\"><p>[vc_row][vc_column]<div class=\"cz_gap clr  hide_on_tablet hide_on_mobile\" style=\"height: 50px\"><\/div><div class=\"cz_gap show_on_tablet clr  show_only_tablet\" style=\"height: 5px\"><\/div><div class=\"cz_gap show_on_mobile clr\" style=\"height: 5px\"><\/div>[\/vc_column][\/vc_row][vc_row el_id=&#8221;row1&#8243;][vc_column width=&#8221;2\/3&#8243;]<div id=\"cz_28603\" class=\"cz_28603 cz_title clr cz_title_pos_inline\"><div class=\"cz_title_content\"><div class=\"cz_wpe_content\"><h4>General Chairs<\/h4>\n<ul>\n<li>Prof. Dr. Sabah Qasim Khalaf, University of Baghdad, Iraq<\/li>\n<\/ul>\n<h4>Steering Committee<\/h4>\n<ul>\n<li>Dr. Mario H. Bai\u0107, University of Zagreb, Croatia<\/li>\n<li>Dr. Fausto Pedro Garcia Marquez, University of Castilla\u2013La Mancha, Spain<\/li>\n<li>Dr. Georgiy G. Korobeynikov, University of Physical Education and Sport, Uzbekistan<\/li>\n<li>Dr. Khaled Muhammad Abdul Rahim Al-Atiyat, University of Jordan, Jordan<\/li>\n<li>Dr. Mahfoodha Suleiman Mohammed Al-Kitani, University of Sultan Qaboos, Oman<\/li>\n<\/ul>\n<h4>Program Chairs<\/h4>\n<ul>\n<li>Dr. Branislav D. Antala, University in Bratislava, Slovakia<\/li>\n<li>Dr. David G. Curby, University of Northern Illinois, USA<\/li>\n<li>Dr. Akhtar Jamil, National University of Computer and Emerging Sciences, Islamabad, Pakistan.<\/li>\n<\/ul>\n<h4>Organizing Committee<\/h4>\n<ul>\n<li>Dr. Mohammed Jawad Kadhim Hamza, University of Baghdad, Iraq<\/li>\n<li>Dr. Batool Moafaq Kadhem, Al-Farahidi University, Iraq<\/li>\n<li>Dr. S.B. Goyal, City University of Malaysia, Malaysia.<\/li>\n<li>Dr. Parameshachari B.D., Visvesvaraya Technological University, India.<\/li>\n<li>Dr. Amir Seyyedabbasi, University of Baghdad, Turkey<\/li>\n<li>Dr. Enkeleda Lulaj, University Haxhi Zeka, Kosovo<\/li>\n<li>Dr. Rima Hammo, University of Wisconsin-Madison, USA<\/li>\n<\/ul>\n<h4>Publication And Publicity Chair<\/h4>\n<ul>\n<li>Dr. Rasha Gargees, Central Michigan University, USA<\/li>\n<li>Dr. Ahmed Ali Akbar Akbar, Al-Farahidi University, Iraq<\/li>\n<\/ul>\n<h4>Program Committee<\/h4>\n<ul>\n<li>Dr. Ahmad M. Hasson, Al-Farahidi University, Iraq<\/li>\n<li>Dr. Abdelhakim Hannousse, Guelma University, Algeria.<\/li>\n<li>Dr. Abdul Rahim Muslim Al Droushi, University of Sultan Qaboos, Oman<\/li>\n<li>Dr. Abbas Hussain Khodayari, University of Karaj Azad, Karaj, Iran<\/li>\n<li>Dr. Ahmed Farhan Ali, University of Baghdad, Iraq<\/li>\n<li>Dr. Aman Saleh Hamdan, Hashemite University, Jordan<\/li>\n<li>Dr. Ahmad Bouridane, Northumbria University, United Kingdom.<\/li>\n<li>Dr. Ahmad Din, National University of Computer and Emerging Sciences, Pakistan.<\/li>\n<li>Dr. Ameur Bensefia, Higher Colleges of Technology, UAE.<\/li>\n<li>Dr. Amina Pramanik, Indian Institute of Technology, India.<\/li>\n<li>Dr. Amutha Benziker, Saveetha Engineering College, India.<\/li>\n<li>Dr. Ayman M. Khodayer, Al-Farahidi University, Iraq<\/li>\n<li>Dr. Bernd Freisleben, University of Marburg, Germany.<\/li>\n<li>Dr. Boubakeur Boufama, University of Windsor, Canada.<\/li>\n<li>Dr. Badriya Khalfan Issa Al-Hadabi, University of Sultan Qaboos, Oman<\/li>\n<li>Dr. Bahman Mohammed Mirzaei, University Of Guilan, Iran<\/li>\n<li>Dr. Cemal Okan Sakar, Bah\u00e7e\u015fehir University, Turkey.<\/li>\n<li>Dr. Chawki Djeddi, Larbi Tebessi University, Algeria.<\/li>\n<li>Dr. Chayan Halder, West Bengal State University, India.<\/li>\n<li>Dr. Faezeh Soleimani, Ball State University, USA<\/li>\n<li>Dr. Firas Mutashar Abdel Redha, University of Baghdad, Iraq<\/li>\n<li>Dr. Gattal Abdeljalil, Larbi Tebessi University, Algeria.<\/li>\n<li>Dr. Haikal El Abed, Technical Trainers College, German International Cooperation, Lebanon.<\/li>\n<li>Dr. Hedi Tabia, University of Paris Saclay, France.<\/li>\n<li>Dr. Juan Humberto Sossa Azuela, Instituto Polit\u00e9cnico Nacional, Mexico.<\/li>\n<li>Dr. Khadim Kamil Resan, Al-Mustansirya University, Iraq.<\/li>\n<li>Dr. Kiruthika Jayaramakrishnan, Kingston University, UK.<\/li>\n<li>Dr. Kiran Sood, Chitkara University, India.<\/li>\n<li>Dr. Mohamed Chaouki Babahenini, Biskra University, Algeria.<\/li>\n<li>Dr. Mohamed Cherif Nait Hamoud, Larbi Tebessi University, Algeria.<\/li>\n<li>Dr. Mohamed El Bachir Menai, King Saud University, KSA.<\/li>\n<li>Dr. Moises Diaz, Universidad de Las Palmas de Gran Canaria, Spain.<\/li>\n<li>Dr. Momina Moetesum, NUST-SEECS, Pakistan.<\/li>\n<li>Dr. Muhammad Abdul Basit, Montana Technological University, Butte Montana, USA.<\/li>\n<li>Dr. Muhammed Cinsdikici, Manisa Celal Bayar University, Turkey.<\/li>\n<li>Dr. Muhammad Davud, University of Baghdad, Turkey<\/li>\n<li>Dr. Murat Gezer, Istanbul University, Turkey.<\/li>\n<li>Dr. Majed Saeed Mohammed Al-Bousafi, University of Sultan Qaboos, Oman<\/li>\n<li>Dr. Mustafa Takao\u011flu, T\u00dcB\u0130TAK-B\u0130LGEM, Kocaeli, Turkey<\/li>\n<li>Dr. Neha Sharma, Chitkara University, India<\/li>\n<li>Dr. Raed Khalid Ibrahem, Al-Farahidi University, Iraq<\/li>\n<li>Dr. \u015eebnem \u00d6zdemir, Istanbul \u0130stinye Univerity, Istanbul, T\u00fcrkiye<\/li>\n<li>Dr. Shadi Alzubi, Al-Zaytoonah University of Jordan, Jordan.<\/li>\n<li>Dr. Sourour Ammar, Digital Research Center of Sfax, Tunisia.<\/li>\n<li>Dr. Subhan Ullah, National University of Computer and Emerging Sciences, Pakistan<\/li>\n<li>Dr. Samar Mabrouk Rachid Ezzina, University of Montpellier, France<\/li>\n<li>Dr. Tariq Ali Yousif, University of Baghdad, Iraq<\/li>\n<li>Dr. Waleed Ead, Beni Suef University, Egypt.<\/li>\n<li>Dr. Waleed Khalid Ibrahem, Al-Farahidi University, Iraq<\/li>\n<li>Dr. Yahya Bin Rajih Abdulaziz Alsharif, University of King Saud, Kingdom of Saudi Arabia<\/li>\n<\/ul>\n<\/div><\/div><\/div>[\/vc_column][vc_column width=&#8221;1\/3&#8243;]<div id=\"cz_34321\" class=\"cz_34321 cz_title clr cz_title_pos_inline\"><div class=\"cz_title_content\"><div class=\"cz_wpe_content\"><h3>Conference Mode<\/h3>\n<p>Hybrid (In-person + Online)<\/p>\n<\/div><\/div><\/div><div class=\"cz_gap clr \" style=\"height: 50px\"><\/div><div id=\"cz_73047\" class=\"cz_73047 cz_title clr cz_title_pos_inline\"><div class=\"cz_title_content\"><div class=\"cz_wpe_content\"><h3 class=\"widget-title\">Important Links<\/h3>\n<ul class=\"list-unstyled\">\n<li><a href=\"https:\/\/iscss.uobaghdad.edu.iq\/?page_id=200\/\/#row2\">Submission Guidelines<\/a><\/li>\n<li><a href=\"https:\/\/iscss.uobaghdad.edu.iq\/?page_id=200#row3\">Registration Guidelines<\/a><\/li>\n<li><a href=\"https:\/\/icstsd.com\/committee.html\">Organizing Committee<\/a><\/li>\n<\/ul>\n<\/div><\/div><\/div>[\/vc_column][\/vc_row][vc_row][vc_column][vc_separator color=&#8221;orange&#8221; style=&#8221;shadow&#8221; border_width=&#8221;10&#8243; css=&#8221;&#8221;][\/vc_column][\/vc_row][vc_row el_id=&#8221;row2&#8243;][vc_column width=&#8221;2\/3&#8243;]<div id=\"cz_78170\" class=\"cz_78170 cz_title clr cz_title_pos_inline\"><div class=\"cz_title_content\"><div class=\"cz_wpe_content\"><div class=\"section-title\">\n<h2>Topics of Interest<\/h2>\n<\/div>\n<p>The topics are grouped into three main thematic areas. Topics of interest scope all related subareas including but not limited to the following:<\/p>\n<div>\n<h5><b>Theme 1: Sustainable Sports Infrastructure and Facility Management<\/b><\/h5>\n<ul>\n<li>Designing Eco-Friendly Sports Complexes and Stadiums<\/li>\n<li>Sustainable Water Usage in Sports Facilities<\/li>\n<li>Implementing Renewable Energy Solutions in Sports Venues<\/li>\n<li>Waste Management Strategies for Large-Scale Sports Events<\/li>\n<li>The Role of Green Building Certifications in Sports Infrastructure<\/li>\n<li>Sustainable Landscaping Practices for Outdoor Sports Facilities<\/li>\n<li>Energy-Efficient Lighting and Climate Control Systems in Sports Venues<\/li>\n<li>The Impact of Smart Technologies on Sustainable Facility Management<\/li>\n<li>Retrofitting Existing Sports Facilities for Sustainability<\/li>\n<li>Sustainable Transportation Solutions for Sports Events<\/li>\n<\/ul>\n<\/div>\n<div>\n<h6><b>Theme 2: Environmental Impact of Sports and Mitigation Strategies<\/b><\/h6>\n<ul>\n<li>Assessing the Carbon Footprint of International Sporting Events<\/li>\n<li>Strategies for Reducing Single-Use Plastics in Sports<\/li>\n<li>Biodiversity Conservation and Outdoor Sports<\/li>\n<li>The Role of Athletes in Environmental Advocacy<\/li>\n<li>Sustainable Apparel and Equipment in the Sports Industry<\/li>\n<li>Managing the Environmental Impact of Adventure and Extreme Sports<\/li>\n<li>Partnerships Between Sports Organizations and Environmental NGOs<\/li>\n<li>Sustainable Procurement Practices in the Sports Sector<\/li>\n<li>Environmental Education Programs in Sports Organizations<\/li>\n<li>The Impact of Climate Change on Winter Sports<\/li>\n<\/ul>\n<\/div>\n<div>\n<h6><b>Theme 3: Community Engagement and Social Responsibility in Sustainable Sports<\/b><\/h6>\n<ul>\n<li>The Role of Sports in Promoting Environmental Awareness<\/li>\n<li>Engaging Local Communities in Sustainable Sports Initiatives<\/li>\n<li>Corporate Social Responsibility (CSR) in the Sports Industry<\/li>\n<li>The Impact of Sports on Sustainable Urban Development<\/li>\n<li>Leveraging Sports Events for Social and Environmental Good<\/li>\n<li>Promoting Inclusivity and Accessibility in Sustainable Sports Programs<\/li>\n<li>Youth Engagement in Sustainable Sports Practices<\/li>\n<li>Collaborations Between Sports Teams and Environmental Causes<\/li>\n<li>The Role of Sports in Disaster Relief and Recovery Efforts<\/li>\n<li>Fostering Global Partnerships for Sustainable Sports Development<\/li>\n<\/ul>\n<\/div>\n<div>\n<h6><b>Theme 4: Advanced Data Analytics and AI in Sports<\/b><\/h6>\n<ul>\n<li>Predictive Analytics in Sports Performance and Injury Prevention<\/li>\n<li>AI-Powered Coaching and Training Tools for Athletes<\/li>\n<li>Machine Learning Applications in Sports Scouting and Talent Identification<\/li>\n<li>Real-Time Data Analysis for In-Game Strategy and Decision Making<\/li>\n<li>Using Big Data to Enhance Fan Engagement and Experience<\/li>\n<li>AI in Sports Broadcasting: Enhancing Viewer Experience<\/li>\n<li>The Role of Data Analytics in Sports Marketing and Sponsorship Strategies<\/li>\n<li>Ethical Considerations in the Use of AI in Sports<\/li>\n<li>Integrating AI for Enhanced Refereeing and Officiating Decisions<\/li>\n<li>Personalized Athlete Training Programs Using AI and Data Analytics<\/li>\n<\/ul>\n<\/div>\n<\/div><\/div><\/div>[\/vc_column][vc_column width=&#8221;1\/3&#8243;][\/vc_column][\/vc_row][vc_row][vc_column][vc_separator color=&#8221;orange&#8221; style=&#8221;shadow&#8221; border_width=&#8221;10&#8243; css=&#8221;&#8221;][\/vc_column][\/vc_row][vc_row el_id=&#8221;row3&#8243;][vc_column width=&#8221;2\/3&#8243;]<div id=\"cz_46407\" class=\"cz_46407 cz_title clr cz_title_pos_inline\"><div class=\"cz_title_content\"><div class=\"cz_wpe_content\"><div class=\"section-title\">\n<h2>Our Speakers<\/h2>\n<\/div>\n<p>will be updated soon<\/p>\n<\/div><\/div><\/div>[\/vc_column][vc_column width=&#8221;1\/3&#8243;][\/vc_column][\/vc_row]<\/p>\n<\/div>","protected":false},"excerpt":{"rendered":"<p>[vc_row][vc_column][\/vc_column][\/vc_row][vc_row el_id=&#8221;row1&#8243;][vc_column width=&#8221;2\/3&#8243;][\/vc_column][vc_column width=&#8221;1\/3&#8243;][\/vc_column][\/vc_row][vc_row][vc_column][vc_separator color=&#8221;orange&#8221; style=&#8221;shadow&#8221; border_width=&#8221;10&#8243; css=&#8221;&#8221;][\/vc_column][\/vc_row][vc_row el_id=&#8221;row2&#8243;][vc_column width=&#8221;2\/3&#8243;][\/vc_column][vc_column width=&#8221;1\/3&#8243;][\/vc_column][\/vc_row][vc_row][vc_column][vc_separator &#8230; <\/p>\n","protected":false},"author":21,"featured_media":0,"parent":0,"menu_order":0,"comment_status":"closed","ping_status":"closed","template":"","meta":{"_lmt_disableupdate":"no","_lmt_disable":"","footnotes":""},"class_list":["post-222","page","type-page","status-publish","hentry"],"yoast_head":"<!-- This site is optimized with the Yoast SEO plugin v25.8 - https:\/\/yoast.com\/wordpress\/plugins\/seo\/ -->\n<title>Committee Members - The 4th International Scientific Conference on Sport Sciences<\/title>\n<meta name=\"description\" content=\"General Chairs: Prof. Dr. Sabah Qasim Khalaf, University of Baghdad, Iraq. Steering Committee: Dr.Mario H. Bai\u0107, University of Zagreb, Croatia\" \/>\n<meta name=\"robots\" content=\"index, follow, max-snippet:-1, max-image-preview:large, max-video-preview:-1\" \/>\n<link rel=\"canonical\" href=\"https:\/\/iscss.uobaghdad.edu.iq\/?page_id=222\" \/>\n<meta property=\"og:locale\" content=\"en_US\" \/>\n<meta property=\"og:type\" content=\"article\" \/>\n<meta property=\"og:title\" content=\"Committee Members - The 4th International Scientific Conference on Sport Sciences\" \/>\n<meta property=\"og:description\" content=\"General Chairs: Prof. Dr. Sabah Qasim Khalaf, University of Baghdad, Iraq. Steering Committee: Dr.Mario H. Bai\u0107, University of Zagreb, Croatia\" \/>\n<meta property=\"og:url\" content=\"https:\/\/iscss.uobaghdad.edu.iq\/?page_id=222\" \/>\n<meta property=\"og:site_name\" content=\"The 4th International Scientific Conference on Sport Sciences\" \/>\n<meta property=\"article:modified_time\" content=\"2024-12-07T07:18:36+00:00\" \/>\n<meta name=\"twitter:card\" content=\"summary_large_image\" \/>\n<meta name=\"twitter:label1\" content=\"Est. reading time\" \/>\n\t<meta name=\"twitter:data1\" content=\"5 minutes\" \/>\n<script type=\"application\/ld+json\" class=\"yoast-schema-graph\">{\"@context\":\"https:\/\/schema.org\",\"@graph\":[{\"@type\":\"WebPage\",\"@id\":\"https:\/\/iscss.uobaghdad.edu.iq\/?page_id=222\",\"url\":\"https:\/\/iscss.uobaghdad.edu.iq\/?page_id=222\",\"name\":\"Committee Members - The 4th International Scientific Conference on Sport Sciences\",\"isPartOf\":{\"@id\":\"https:\/\/iscss.uobaghdad.edu.iq\/#website\"},\"datePublished\":\"2024-12-06T20:05:48+00:00\",\"dateModified\":\"2024-12-07T07:18:36+00:00\",\"description\":\"General Chairs: Prof. Dr. Sabah Qasim Khalaf, University of Baghdad, Iraq. Steering Committee: Dr.Mario H. Bai\u0107, University of Zagreb, Croatia\",\"breadcrumb\":{\"@id\":\"https:\/\/iscss.uobaghdad.edu.iq\/?page_id=222#breadcrumb\"},\"inLanguage\":\"en-US\",\"potentialAction\":[{\"@type\":\"ReadAction\",\"target\":[\"https:\/\/iscss.uobaghdad.edu.iq\/?page_id=222\"]}]},{\"@type\":\"BreadcrumbList\",\"@id\":\"https:\/\/iscss.uobaghdad.edu.iq\/?page_id=222#breadcrumb\",\"itemListElement\":[{\"@type\":\"ListItem\",\"position\":1,\"name\":\"Home\",\"item\":\"https:\/\/iscss.uobaghdad.edu.iq\/\"},{\"@type\":\"ListItem\",\"position\":2,\"name\":\"Committee Members\"}]},{\"@type\":\"WebSite\",\"@id\":\"https:\/\/iscss.uobaghdad.edu.iq\/#website\",\"url\":\"https:\/\/iscss.uobaghdad.edu.iq\/\",\"name\":\"The 4th International Scientific Conference on Sport Sciences\",\"description\":\"\",\"potentialAction\":[{\"@type\":\"SearchAction\",\"target\":{\"@type\":\"EntryPoint\",\"urlTemplate\":\"https:\/\/iscss.uobaghdad.edu.iq\/?s={search_term_string}\"},\"query-input\":{\"@type\":\"PropertyValueSpecification\",\"valueRequired\":true,\"valueName\":\"search_term_string\"}}],\"inLanguage\":\"en-US\"}]}<\/script>\n<!-- \/ Yoast SEO plugin. -->","yoast_head_json":{"title":"Committee Members - The 4th International Scientific Conference on Sport Sciences","description":"General Chairs: Prof. Dr. Sabah Qasim Khalaf, University of Baghdad, Iraq. Steering Committee: Dr.Mario H. Bai\u0107, University of Zagreb, Croatia","robots":{"index":"index","follow":"follow","max-snippet":"max-snippet:-1","max-image-preview":"max-image-preview:large","max-video-preview":"max-video-preview:-1"},"canonical":"https:\/\/iscss.uobaghdad.edu.iq\/?page_id=222","og_locale":"en_US","og_type":"article","og_title":"Committee Members - The 4th International Scientific Conference on Sport Sciences","og_description":"General Chairs: Prof. Dr. Sabah Qasim Khalaf, University of Baghdad, Iraq. Steering Committee: Dr.Mario H. Bai\u0107, University of Zagreb, Croatia","og_url":"https:\/\/iscss.uobaghdad.edu.iq\/?page_id=222","og_site_name":"The 4th International Scientific Conference on Sport Sciences","article_modified_time":"2024-12-07T07:18:36+00:00","twitter_card":"summary_large_image","twitter_misc":{"Est. reading time":"5 minutes"},"schema":{"@context":"https:\/\/schema.org","@graph":[{"@type":"WebPage","@id":"https:\/\/iscss.uobaghdad.edu.iq\/?page_id=222","url":"https:\/\/iscss.uobaghdad.edu.iq\/?page_id=222","name":"Committee Members - The 4th International Scientific Conference on Sport Sciences","isPartOf":{"@id":"https:\/\/iscss.uobaghdad.edu.iq\/#website"},"datePublished":"2024-12-06T20:05:48+00:00","dateModified":"2024-12-07T07:18:36+00:00","description":"General Chairs: Prof. Dr. Sabah Qasim Khalaf, University of Baghdad, Iraq. Steering Committee: Dr.Mario H. Bai\u0107, University of Zagreb, Croatia","breadcrumb":{"@id":"https:\/\/iscss.uobaghdad.edu.iq\/?page_id=222#breadcrumb"},"inLanguage":"en-US","potentialAction":[{"@type":"ReadAction","target":["https:\/\/iscss.uobaghdad.edu.iq\/?page_id=222"]}]},{"@type":"BreadcrumbList","@id":"https:\/\/iscss.uobaghdad.edu.iq\/?page_id=222#breadcrumb","itemListElement":[{"@type":"ListItem","position":1,"name":"Home","item":"https:\/\/iscss.uobaghdad.edu.iq\/"},{"@type":"ListItem","position":2,"name":"Committee Members"}]},{"@type":"WebSite","@id":"https:\/\/iscss.uobaghdad.edu.iq\/#website","url":"https:\/\/iscss.uobaghdad.edu.iq\/","name":"The 4th International Scientific Conference on Sport Sciences","description":"","potentialAction":[{"@type":"SearchAction","target":{"@type":"EntryPoint","urlTemplate":"https:\/\/iscss.uobaghdad.edu.iq\/?s={search_term_string}"},"query-input":{"@type":"PropertyValueSpecification","valueRequired":true,"valueName":"search_term_string"}}],"inLanguage":"en-US"}]}},"_links":{"self":[{"href":"https:\/\/iscss.uobaghdad.edu.iq\/index.php?rest_route=\/wp\/v2\/pages\/222","targetHints":{"allow":["GET"]}}],"collection":[{"href":"https:\/\/iscss.uobaghdad.edu.iq\/index.php?rest_route=\/wp\/v2\/pages"}],"about":[{"href":"https:\/\/iscss.uobaghdad.edu.iq\/index.php?rest_route=\/wp\/v2\/types\/page"}],"author":[{"embeddable":true,"href":"https:\/\/iscss.uobaghdad.edu.iq\/index.php?rest_route=\/wp\/v2\/users\/21"}],"replies":[{"embeddable":true,"href":"https:\/\/iscss.uobaghdad.edu.iq\/index.php?rest_route=%2Fwp%2Fv2%2Fcomments&post=222"}],"version-history":[{"count":0,"href":"https:\/\/iscss.uobaghdad.edu.iq\/index.php?rest_route=\/wp\/v2\/pages\/222\/revisions"}],"wp:attachment":[{"href":"https:\/\/iscss.uobaghdad.edu.iq\/index.php?rest_route=%2Fwp%2Fv2%2Fmedia&parent=222"}],"curies":[{"name":"wp","href":"https:\/\/api.w.org\/{rel}","templated":true}]}}